is the tens digit of 252523719?
1
What is the units digit of 688069648?
8
What is the hundred thousands digit of 372628287?
6
What is the thousands digit of 11014771?
4
What is the units digit of 21845390?
0
What is the units digit of 24916017?
7
What is the ten thousands digit of 1442346134?
4
What is the hundred thousands digit of 294402007?
4
What is the hundred thousands digit of 366939929?
9
What is the ten millions digit of 44534401?
4
What is the hundred millions digit of 879996491?
8
What is the millions digit of 94677159?
4
What is the millions digit of 96567584?
6
What is the ten thousands digit of 154870800?
7
What is the millions digit of 19529551?
9
What is the hundreds digit of 404474601?
6
What is the thousands digit of 298285799?
5
What is the millions digit of 32327403?
2
What is the millions digit of 43986925?
3
What is the ten thousands digit of 56397328?
9
What is the thousands digit of 938957273?
7
What is the tens digit of 36143799?
9
What is the ten millions digit of 4718307788?
1
What is the hundreds digit of 210718952?
9
What is the hundred thousands digit of 66654593?
6
What is the billions digit of 3075964282?
3
What is the hundreds digit of 158865243?
2
What is the tens digit of 1116992585?
8
What is the hundred thousands digit of 208715315?
7
What is the millions digit of 89514385?
9
What is the billions digit of 1027261225?
1
What is the hundred thousands digit of 597418945?
4
What is the ten millions digit of 628472722?
2
What is the hundred millions digit of 105449412?
1
What is the ten millions digit of 122041124?
2
What is the tens digit of 298046349?
4
What is the thousands digit of 353781156?
1
What is the hundred millions digit of 1155797018?
1
What is the ten millions digit of 1138599518?
3
What is the millions digit of 2817586148?
7
What is the units digit of 13519679?
9
What is the hundreds digit of 84409393?
3
What is the tens digit of 2321684833?
3
What is the hundreds digit of 12530067?
0
What is the ten millions digit of 25296783?
2
What is the ten thousands digit of 1742926155?
2
What is the millions digit of 17590797?
7
What is the units digit of 341000890?
0
What is the millions digit of 71848129?
1
What is the tens digit of 1009448634?
3
What is the thousands digit of 145170521?
0
What is the millions digit of 82314190?
2
What is the hundred thousands digit of 1025618198?
6
What is the ten millions digit of 186321963?
8
What is the ten thousands digit of 83371599?
7
What is the tens digit of 26661802?
0
What is the hundred thousands digit of 2559961417?
9
What is the thousands digit of 2402109?
2
What is the thousands digit of 570235490?
5
What is the hundreds digit of 17825902?
9
What is the ten millions digit of 250070779?
5
What is the ten thousands digit of 864493131?
9
What is the ten millions digit of 1642635503?
4
What is the units digit of 475824360?
0
What is the millions digit of 60255461?
0
What is the hundred thousands digit of 374896760?
8
What is the units digit of 1052050824?
4
What is the hundred thousands digit of 3925136361?
1
What is the units digit of 54822741?
1
What is the units digit of 363572173?
3
What is the ten millions digit of 38266384?
3
What is the millions digit of 2004401949?
4
What is the thousands digit of 461795799?
5
What is the hundreds digit of 2781860953?
9
What is the hundred thousands digit of 758524105?
5
What is the millions digit of 139388918?
9
What is the ten thousands digit of 80215394?
1
What is the units digit of 2136454583?
3
What is the hundreds digit of 134364522?
5
What is the tens digit of 329260893?
9
What is the hundred thousands digit of 118413033?
4
What is the tens digit of 143183323?
2
What is the ten millions digit of 3469548930?
6
What is the units digit of 169838192?
2
What is the hundreds digit of 48774533?
5
What is the thousands digit of 77288376?
8
What is the ten thousands digit of 46331379?
3
What is the tens digit of 10844286?
8
What is the millions digit of 582202721?
2
What is the ten thousands digit of 1566775724?
7
What is the millions digit of 4918240512?
8
What is the thousands digit of 976864139?
4
What is the hundreds digit of 147741566?
5
What is the units digit of 45181076?
6
What is the hundred millions digit of 4178703742?
1
What is the ten thousands digit of 22967451?
6
What is the thousands digit of 26493625?
3
What is the hundreds digit of 378918871?
8
What is the hundred thousands digit of 512379245?
3
What is the ten millions digit of 481076955?
8
What is the thousands digit of 290277000?
7
What is the ten millions digit of 22640931?
2
What is the tens digit of 33902819?
1
What is the millions digit of 6642293272?
2
What is the hundreds digit of 1602770?
7
What is the millions digit of 281121430?
1
What is the hundred millions digit of 102607328?
1
What is the hundred millions digit of 3606553707?
6
What is the hundred millions digit of 427370995?
4
What is the tens digit of 260882659?
5
What is the ten thousands digit of 118648211?
4
What is the ten thousands digit of 5243563027?
6
What is the units digit of 39954273?
3
What is the units digit of 120452208?
8
What is the hundred millions digit of 944248486?
9
What is the hundred thousands digit of 443365507?
3
What is the tens digit of 2875551639?
3
What is the units digit of 511415580?
0
What is the thousands digit of 573707213?
7
What is the ten millions digit of 615930835?
1
What is the units digit of 41719236?
6
What is the units digit of 217723157?
7
What is the hundred thousands digit of 429730234?
7
What is the millions digit of 214334798?
4
What is the hundreds digit of 126413808?
8
What is the tens digit of 54166470?
7
What is the thousands digit of 2663379720?
9
What is the hundred millions digit of 377924805?
3
What is the hundred millions digit of 241575913?
2
What is the hundred thousands digit of 724353237?
3
What is the hundred thousands digit of 9556080?
5
What is the hundreds digit of 12488303?
3
What is the hundred thousands digit of 87521575?
5
What is the ten thousands digit of 22333358?
3
What is the billions digit of 2356465600?
2
What is the hundred millions digit of 277169604?
2
What is the units digit of 1578713199?
9
What is the ten millions digit of 1341249930?
4
What is the millions digit of 166326268?
6
What is the ten thousands digit of 48626466?
2
What is the ten millions digit of 31239486?
3
What is the hundred millions digit of 132032850?
1
What is the hundred thousands digit of 68881828?
8
What is the thousands digit of 2508167?
8
What is the millions digit of 1623776726?
3
What is the millions digit of 230482203?
0
What is the units digit of 102128789?
9
What is the thousands digit of 998557772?
7
What is the thousands digit of 572949810?
9
What is the millions digit of 57993088?
7
What is the billions digit of 1117070553?
1
What is the ten thousands digit of 2507747281?
4
What is the hundred millions digit of 361504934?
3
What is the millions digit of 594129403?
4
What is the hundred thousands digit of 14410167?
4
What is the thousands digit of 73454601?
4
What is the millions digit of 226205959?
6
What is the billions digit of 2889814935?
2
What is the thousands digit of 22821583?
1
What is the ten thousands digit of 1631262215?
6
What is the millions digit of 6674035716?
4
What is the hundred thousands digit of 1631084?
6
What is the hundred millions digit of 2182330419?
1
What is the millions digit of 2092588476?
2
What is the units digit of 2839211767?
7
What is the hundred thousands digit of 6671944625?
9
What is the ten millions digit of 181239179?
8
What is the ten thousands digit of 311220066?
2
What is the units digit of 133721267?
7
What is the thousands digit of 13441755?
1
What is the ten thousands digit of 553034024?
3
What is the hundred thousands digit of 17346764?
3
What is the hundred thousands digit of 119395292?
3
What is the thousands digit of 119022770?
2
What is the tens digit of 140638864?
6
What is the tens digit of 675454014?
1
What is the thousands digit of 860119441?
9
What is the ten thousands digit of 43473308?
7
What is the ten millions digit of 1333479777?
3
What is the hundred millions digit of 981715953?
9
What is the hundreds digit of 112281137?
1
What is the tens digit of 223912106?
0